e -o*y + 9 = -2*s + 47, 26 = 2*s + y. Is s a prime number?
False
Suppose 143 = 2*y + 5*c, -3*c = -y + 2*c + 94. Is y prime?
True
Let n be 14/(-6) + 6/(-9). Let o(s) = 2*s**3 - s**2 - s + 2. Let x(v) = -v**3 + v. Let k(l) = o(l) + 3*x(l). Is k(n) prime?
False
Suppose 9*t + 24 = 5*t. Let x be 0/t*(-1)/(-2). Suppose 295 = 5*k + 5*h, 4*k = -x*h + 4*h + 236. Is k a prime number?
True
Let o(c) = c + 259. Let n = 12 - 8. Suppose -s - 5 = 3*s + 5*m, 4 = -3*s - n*m. Is o(s) a prime number?
False
Is (-1070)/(-4)*(-48)/(-40) composite?
True
Suppose 4*y + y - 990 = 0. Suppose 0 = -m - 2*f + 196, m + 2*f = -2*f + y. Suppose m = 4*j - 18. Is j a composite number?
False
Suppose -t - 3*p + 14 = 0, t - p = -2*p + 6. Let l be (-3 - -1) + 42/t. Let i = 2 + l. Is i prime?
False
Is (-15)/(-30) + 613/2 composite?
False
Is 345/4 + (-6)/(-8) a composite number?
True
Suppose -4*v - 33 = -1469. Is v prime?
True
Suppose 4*n - 284 - 296 = 0. Is n prime?
False
Let h(u) = -3*u + 7. Let r(q) = -q. Let g(t) = -h(t) + 4*r(t). Let x be g(-7). Let p = x - -6. Is p a composite number?
True
Let b(o) = -7*o**3 + o**2 - 2*o + 1. Is b(-3) a prime number?
False
Let a(v) = 2*v**2 + 7*v + 1. Suppose 2*n - 3 + 15 = 0. Is a(n) a prime number?
True
Suppose -2*t - 96 = -5*t. Let l = 54 - t. Is l a prime number?
False
Let q(d) = -2*d**2 - 1. Let g be q(1). Let a be -2 + -1 + 21/g. Is 248/18 + a/(-45) a prime number?
False
Let b(k) = k**3 - 6*k**2 - 11*k + 1. Let z = -12 - -21. Is b(z) prime?
False
Suppose 3*z - 62 - 256 = 0. Let n = z + 3. Is n prime?
True
Suppose -3*y = -3*h + 24, -4*h + 3*y + 0 + 28 = 0. Suppose 0 = 4*m, 3*j - h*m = -m + 9. Let i(c) = 6*c**2 - c + 4. Is i(j) composite?
True
Suppose q - 103 = 5*f + 9, q = -4*f + 67. Is q a prime number?
False
Suppose -1230 = -5*v - 3*s, -3*v - 2*s + 727 = 2*s. Is v composite?
True
Suppose -2*s + 66 = -36. Is s a composite number?
True
Let w be (1 + -1 - 1)*1. Let i(d) = 3*d**2 + 1. Let a be i(w). Suppose -2*l = -a*p - 0*l + 214, -l - 266 = -5*p. Is p a composite number?
False
Suppose -5*a + 11 = 1, -3*a - 1342 = -j. Suppose 13*l = 17*l - j. Is l prime?
True
Suppose -112 = -v + 277. Is v a prime number?
True
Let m = -78 - -135. Let p = m + 260. Is p a prime number?
True
Let d(r) = -r**2 - 9*r - 12. Let n be d(-10). Let k = n + 36. Is k composite?
True
Suppose 3*w = -w - 164. Let u = -8 - w. Is u composite?
True
Suppose -1 = -r, 2*j - 5*j = -5*r - 4. Suppose j*g + g = 148. Is g a prime number?
True
Suppose 0 = g + 10*g + 3894. Let t(h) = h**3 + h**2 + h + 2. Let j be t(-2). Is g/j*6/9 a composite number?
False
Let x = 39 - -254. Is x a composite number?
False
Suppose -7*r = -5*r - 1262. Is r prime?
True
Let c(r) = -r**3 - 8*r**2 + 2*r. Let q be c(-4). Let v be (-10)/25 + (-246)/10. Let h = v - q. Is h prime?
True
Is ((-1)/2)/(6/(-948)) composite?
False
Is (0 - -11)*-2*146/(-4) a prime number?
False
Suppose -2*u - 3*h + 0 = -4, 4*u = -h + 8. Suppose u*i + 6 = 20. Is i a prime number?
True
Suppose 2*o - 66 = -4*g + 4*o, 0 = o + 5. Let k = g - 20. Let r(d) = d**3 + 8*d**2 + 7*d + 5. Is r(k) composite?
True
Let r = 197 + 6014. Is r a composite number?
False
Let m(w) = -9*w. Let l(p) = p**3 - 4*p**2 - 4*p - 4. Let i be l(5). Let q be m(i). Is -3 + 61 + q/3 a prime number?
False
Let r(x) = -x**2 + x + 5. Let p be r(0). Suppose 14 = 4*h + z, -7*z = p*h - 3*z - 12. Is h composite?
True
Suppose l - 54 = 4*b, -2*l - 2*b = -0*b - 118. Suppose 0 = m - 24 - l. Is m a prime number?
False
Suppose 0 = 3*u - 4*w - 2735 + 782, 3*w = 4*u - 2597. Is u a prime number?
True
Suppose -3*o + 4*q = -1693, 2*o + q - 1123 = -2*q. Let m = o + -256. Is m a composite number?
False
Suppose 3*g - 6*g - 4*n + 1889 = 0, -2526 = -4*g + 2*n. Is g a prime number?
True
Let m(c) = c**3 + 3*c**2 - 11*c + 6. Is m(13) a prime number?
False
Let a be ((-6)/(-4))/((-2)/188). Is a/(-3 + 0) - 1 composite?
True
Let v(f) be the third derivative of f**6/120 + 2*f**5/15 + 3*f**4/8 + 7*f**3/6 - 4*f**2. Is v(-6) composite?
True
Let i(t) = -t**3 - 5*t - 3. Let k = 2 + -5. Let g be i(k). Is (g/(-9))/(2/(-6)) a prime number?
True
Suppose -4*x = -9*x - 3*u + 20, -4*x + 4*u = 16. Let p be (-2 + x)/((-1)/5). Suppose 3*d + i - 49 = 0, 0 = 4*d + i - p*i - 44. Is d composite?
True
Suppose -5*w - 3*g + 376 = 0, -w - 2*g + 79 = 8. Is w prime?
False
Let w(l) = 11*l - 3. Let q be w(2). Let p = -25 + 39. Let g = q + p. Is g a composite number?
True
Suppose -5*s - 54 = 1. Let k = s - -44. Is k composite?
True
Suppose -5*h = y + 2, 0*h + h = 0. Let a be 1/(2/(-8)) - y. Is (a/(-4))/(3/546) a composite number?
True
Is (2 - (8 - 3))*-11 a composite number?
True
Is 2/(-16) - 1035/(-24) prime?
True
Is (963/6)/(2/4) composite?
True
Let g be (4 - 1)/((-3)/(-2)). Suppose g*y - y = -11. Let t = 22 - y. Is t a prime number?
False
Let k = -6 - -10. Suppose w - k*r + 4 = -4, -2*r = -4. Suppose -195 = -w*i - 3*i. Is i a prime number?
False
Let u(w) = w**3 - 5*w**2 - 2*w + 1. Is u(9) prime?
True
Suppose -3*m + 4*p + 448 = 113, 5*p - 426 = -4*m. Is m a composite number?
False
Let n be (-4)/6*(-30)/(-20). Let w = -46 + 82. Let k = w - n. Is k a composite number?
False
Let j = 116 + -68. Let z = j - -79. Is z a prime number?
True
Let q = 20 - 18. Suppose 0 = -2*l + 8, 5*l = -2*n + q*l + 200. Is n prime?
False
Let v(u) = 3*u**2 + 2*u - 2. Is v(2) composite?
True
Suppose 3*i = -5*k, -2*k + i = -3*i - 26. Let y(d) = -2*d - k + 3 + 5*d**2 + 0. Is y(-3) prime?
False
Let p = -150 + 341. Is p composite?
False
Is 79/2*(-5 + 7) a composite number?
False
Let p(m) = 16*m**3 - 6*m**2 + 2*m + 1. Let w be p(4). Suppose 3*d = 4*h + w, -2*h = d - 240 - 59. Is d a prime number?
True
Let a(w) be the second derivative of 0 - 5/6*w**3 - 3/2*w**2 + 3*w. Is a(-8) prime?
True
Suppose 3*l - 4*l - r = -290, -5*r - 573 = -2*l. Is l composite?
True
Let m(n) = 2*n - 8. Let j be m(-10). Let t(z) = 2*z - 1. Let v be t(5). Let d = v - j. Is d a prime number?
True
Suppose 5*b - 3*n - 9 = 7, 4*b + 3*n = 29. Suppose -4*t - 497 = -b*t. Is t a composite number?
True
Let u(j) = -j**2 - 8*j - 9. Let d be u(-6). Let q be 2/(-4) + 14/4. Suppose d*b = -b - 4*k + 28, k - q = 0. Is b a composite number?
True
Let q(i) = -i**3 - 4*i**2 - 3*i + 2. Let j be q(-3). Suppose -5*y + j*w = -41 - 16, y = w + 9. Is y prime?
True
Is ((-10098)/(-24) + -5)/((-1)/(-4)) a prime number?
True
Suppose 2*h + 4*u = 22, -u + 0 = 2. Suppose h = -i + 4*j, i + 3*j - 13 = -0*i. Is i + (-2 - -3 - -1) prime?
True
Suppose -15*p + 2282 = -p. Is p prime?
True
Let p(n) = n**3 - 4*n**2 - 5. Let a = -24 - -30. Is p(a) prime?
True
Let b = 140 + 921. Is b a composite number?
False
Suppose -6*q + 812 = -q + n, 0 = 4*n + 12. Is q prime?
True
Suppose 0 = 5*i + 3*u - 61, -3*u + 0 = i - 5. Is i a composite number?
True
Let a = -7 - -8. Is 96 + -4 + 2 + a composite?
True
Suppose -2*s + c + 13 = -0*c, 2*c = -s + 9. Is s a composite number?
False
Suppose -c - 6 = c. Is c*(124/(-6) + 1) a composite number?
False
Is (-30)/(-50) + (2 - 35332/(-5)) composite?
False
Let n be (-7)/3 + 4/(-6). Is (298/6)/((-1)/n) a prime number?
True
Is 38522/6 - 24/(-36) a prime number?
True
Let s(x) = 3*x + 1. Let p be s(-5). Let d = p - -27. Is d a prime number?
True
Let k = 72 + -23. Is k prime?
False
Let q = 2293 + -1302. Is q a prime number?
True
Suppose -4*c - 2229 = -5*y, -4*y + 1782 = -c - c. Is y composite?
True
Let s(b) = -b**3 - 10*b**2 + 17*b - 5. Is s(-12) prime?
True
Let g(b) = -2*b**3 - 2*b**2 - 1. Let k be g(-2). Let j(p) = 6 + 1 - 2*p + 6*p + p + p**2. Is j(k) prime?
False
Let j(n) = 10*n**3 + 7*n**2 - 4*n - 134. Let r(d) = 7*d**3 + 5*d**2 - 3*d - 89. Let u(l) = -5*j(l) + 7*r(l). Suppose y + y = 0. Is u(y) a prime number?
True
Let p(d) = -3*d**2 - 6*d - 4. Let k(n) = 2*n**2 + 6*n + 4. Let b(z) = 4*k(z) + 3*p(z). Let t = 7 - 2. Is b(t) a composite number?
True
Suppose 2*r = 53 + 321. Let u = -4 + 6. Suppose -r = -5*h - u. Is h a composite number?
False
Let h(d) be the first derivative of 23*d**3/3 - d**2 - d + 2. Is h(-2) a composite number?
True
Suppose z = 3*z - 4*y + 122, 0 = -4*z - y - 289. Let k = z + 220. Is k a prime number?
True
Is 445*2/(6/3) a prime number?
False
Let a be (1/(-2))/((-4)/(-376)). Let n = a + 68. Is n prime?
False
Let x = -3 - -3. Suppose -666 = 3*l - x*l. Is 1/2 + l/(-12) composite?
False